)*(0 - -12). Let v be -16 + (-7)/(21/u). What is the units digit of ((-100)/6)/(v/27)?
5
Suppose 0 = -3*n, -2*w - 3*n = -18 - 10. Suppose 0 = -2*b + 4*m + w, b - m - 8 = 2*m. What is the units digit of b?
5
Let i = -7 - 2. Let q be -30*(-9 + 17/2). Let b = i + q. What is the units digit of b?
6
Suppose -2*l + h + 129 = 0, 2*l = 3*l + 4*h - 60. Let x be (10/8)/(1/4). Suppose -x*w = -26 - l. What is the units digit of w?
8
Let v = -306 - -119. Let n = v + 311. What is the hundreds digit of n?
1
Suppose 118*p - 115*p = 426. What is the tens digit of p?
4
Let v(u) = u**3 + 7*u**2 - u - 7. Let h be v(-7). Let z be h + -4*28/8. What is the units digit of z/(-35) + 63/5?
3
Suppose -14*g = -5417 - 197. What is the tens digit of g?
0
Let g(v) = v**2 + 8*v + 5. Suppose -2*t = -3*k - 27, -6*t = -2*k - 2*t - 18. What is the units digit of g(k)?
4
Let r = 27 - 29. Let h be 10*((-3)/r - 4). Let g = -8 - h. What is the tens digit of g?
1
Let h(s) = 6*s**2 - 9*s - 11. Let a be h(-4). What is the units digit of a*(1 - 5 - -5)?
1
Suppose -4*h = -6*h + 10. Let d(b) = b**2 - h*b**2 + b**3 + 9*b**2 + 3*b**2. What is the tens digit of d(-7)?
4
Let p be 4 + -2 + -260 + -3. Let m = p - -371. What is the tens digit of m?
1
Suppose -3*f = -q - 4*f + 568, -4*q = 5*f - 2270. Let g = q + -308. What is the hundreds digit of g?
2
Suppose 4*d + 12891 = 5*s, -7 + 2 = -5*d. What is the tens digit of s?
7
Let g be (2/3)/((-8)/(-60)). Suppose -g*r - 11 = 4. What is the units digit of 13*1/r*-6?
6
Suppose d - 4 = -0*d. Let v(k) = -k**3 - 3*k**2 - 2*k - 3. Let s be v(-3). Suppose 4*l + 126 = s*g + l, 5*g - d*l - 210 = 0. What is the units digit of g?
2
What is the units digit of ((-48)/(-18))/4 + (-35012)/(-6)?
6
Suppose 2*i + 3*t + 1 = -0*i, 3*t = -5*i + 11. Suppose -3*c + 114 = -i*k, -2*c - k = 3*c - 213. Let r = c + -30. What is the tens digit of r?
1
Let b = -36 - -42. What is the units digit of (-3 - -5 - 28)/((-4)/b)?
9
Let s(x) = -89*x + 17. Let t be s(-3). Suppose 279*j - 278*j = t. What is the units digit of j?
4
Let y(q) = q**3 - 18*q**2 + 18*q - 14. Let n be y(17). Let s(g) = g + n + 6 + 21 - 2*g. What is the units digit of s(-13)?
3
Suppose 3 = 4*w - x - 2, 11 = -2*w + 5*x. What is the units digit of w - 3*(208/(-12) + -2)?
0
Suppose -3*d - 2*h = -45, d - 14 = -3*h + 8. Let c = d + -12. Suppose 0 = 3*k + 12, -71 + c = -5*q + 5*k. What is the units digit of q?
0
Let a(c) = c - 13 - 2 + 0 - 11*c. What is the tens digit of a(-6)?
4
Suppose 4*q - 17 = 2*t + 5, 0 = t + 4*q + 17. Let p = t - -18. Suppose i - 14 = -3*i + p*m, -3 = i + 2*m. What is the units digit of i?
1
Let r be -1 + 1/((-3)/(-12)). Suppose -r = 5*m - 6*m. Suppose -5*b + 60 = 5*l, -m*b - 15 + 56 = -2*l. What is the units digit of b?
3
Let o(f) = 27*f**3 + 2*f**2 - f. Let x be o(1). What is the units digit of x/(-21) - 37/(-3)?
1
Let l = 9 - 12. Let r(u) = -3*u**3 - 3*u**2 + u**2 - u + 2*u**3. What is the tens digit of r(l)?
1
Let a = -1156 - -1889. What is the units digit of a?
3
Let c be 24/(-36) + 11/3. Suppose 4*k - 136 - 58 = -c*b, -b + 2*k = -68. What is the tens digit of b?
6
Let w = 4127 - -661. What is the thousands digit of w?
4
Let b = 3 - -10. Let n(r) = -r**3 + 14*r**2 - 3*r - 28. What is the tens digit of n(b)?
0
Let j(z) = -63*z + 6. Let b(c) = c**3 + 10*c**2 - c - 12. Let k be b(-10). What is the hundreds digit of j(k)?
1
Suppose -1321 = -5*x + 1364. Suppose 0*t = 3*t - x. What is the hundreds digit of t?
1
Let s(g) = 65*g**2 - 2*g + 106. What is the units digit of s(-6)?
8
Suppose 0 = -4*z - 2*w + 94, 2*z = 3*z - 3*w - 34. Suppose 24*u = z*u - 28. What is the units digit of u?
8
Let k = 1968 + -868. What is the thousands digit of k?
1
Let q(z) be the second derivative of z**3 + 9*z**2 - 9*z. What is the tens digit of q(4)?
4
Let p(t) be the third derivative of t**4/3 - 26*t**3/3 + 4*t**2. What is the hundreds digit of p(22)?
1
Let p = 21 + -9. Let u be 12/20 + p/5. What is the tens digit of u/(-3)*1*-16?
1
Let p(f) = 23*f - 23. What is the hundreds digit of p(19)?
4
Let m be ((-264)/(-72))/(3/27). Let r = 6 + 1. Let g = m - r. What is the tens digit of g?
2
Let s = -2366 + 2672. What is the tens digit of s?
0
Let s = 7805 - 4997. What is the tens digit of s?
0
Let m(r) = -44 + r**2 - 2*r**3 + r**3 - 4*r + 17*r**2 + 8*r. What is the units digit of m(18)?
8
Let l(x) = 7*x**2 + 45*x - 3. What is the hundreds digit of l(-16)?
0
Let u = 0 + 2. Let a be (-94 - -2)*u/(-4). Let x = -24 + a. What is the units digit of x?
2
Suppose -5*c = -44*l + 46*l - 3888, -3*c + 5841 = 3*l. What is the hundreds digit of l?
9
Let s = 52 - 50. Suppose 4*a = s*a + 304. What is the hundreds digit of a?
1
Let c = 410 + -163. Let k = c - 27. What is the units digit of k?
0
Let d be (-21)/28 - (-427)/4. Suppose -3*a + d + 17 = 3*z, 0 = 4*a + 5*z - 162. What is the units digit of a?
3
Let i = -2427 - -3916. What is the units digit of i?
9
Let f(n) = 2*n**3 - 46*n**2 + 3*n - 5. Let x be f(23). Let i(h) = -27*h - 1. Let t be i(1). Let d = t + x. What is the tens digit of d?
3
Suppose 5*c - v - 1051 = 0, 1218 = 5*c + 3*v + 171. Suppose 0 = -3*y + k + c, 5*y - 5*k = 253 + 107. What is the tens digit of y?
6
Let m(j) = j**3 + 2*j**3 - 3*j - 9 + 7*j**2 - 2*j**3 - 2. What is the tens digit of m(-6)?
4
Let g(h) = -388*h - 228. What is the hundreds digit of g(-9)?
2
Suppose 0*k = 4*k + 8. Let j be 4*k*10/(-8). Suppose -5*d = -j*d + 160. What is the tens digit of d?
3
Let c(a) = a + 6. Let w be c(5). Let p = -11 + w. Suppose -5*j = -6*j + 4, p = -4*u + j + 216. What is the units digit of u?
5
Let k = 0 - -6. Suppose 5 = 5*i - 2*x, 19*i + 3*x = 15*i + 27. Suppose -5*w - 3*r + 250 = 0, -i*w + 166 = -r + k*r. What is the tens digit of w?
4
Suppose 0 = -12*c + 26144 - 4280. What is the units digit of c?
2
Let d(z) = -4*z**3 - 2*z - 3. Let v be 5*1 - (9 + -8). Suppose q = -5*t - 6, t + v*t - 5*q + 30 = 0. What is the tens digit of d(t)?
3
Suppose -3 + 7 = 2*n. Suppose -u - 6 = l, -n*l - u - 14 = 3*l. Let g(j) = 19*j**2 + 2*j - 1. What is the units digit of g(l)?
1
Suppose 2*n - 2352 = -3*n - 4*t, -939 = -2*n - t. What is the tens digit of n?
6
Let b(u) = 5*u**3 + u**2 - u. Suppose -5*w - 9 = 3*q, -1 = w + q + 2. Suppose 5*k - 10 = -w. What is the tens digit of b(k)?
4
Suppose -x - 5*y = -9, 2*x + 3*y = -x + 15. Let v be (-3)/(-1 + x/(-8)). Suppose -4*z + 4*u + 32 = 0, -2 - v = 4*u. What is the units digit of z?
7
Let u = 81 - 76. Suppose -2*g = -4*l - 136, g = 4*l - u*l + 77. What is the tens digit of g?
7
Let s(v) be the first derivative of 3*v**2/2 + 26*v - 17. What is the units digit of s(-6)?
8
Let w = 78 + -78. Suppose 6*l - 12 + w = 0. What is the units digit of l?
2
Let x(z) = 75*z**2 + 2*z - 2. Let h(d) = -2*d + 17. Let c be h(7). Suppose -11 = 5*u + 4*t, -3*u - c*t - 14 + 5 = 0. What is the tens digit of x(u)?
7
Let j = 6 + -6. Let g(w) = j - 3 - 4 + 0 - w. What is the units digit of g(-10)?
3
Let j(z) = -10*z + 37. Let n(f) = -2*f - 38. Let r be n(-16). What is the units digit of j(r)?
7
Let o be (-4)/(8/(-10)) + -3. Let a(v) = -54*v**2 + 3*v. Let k be a(o). What is the tens digit of (3/9)/((-2)/k)?
3
Let n(j) = -4 + 0*j + j**2 - 4*j - 4 - 3. What is the hundreds digit of n(-12)?
1
Suppose -3 + 5 = -h, 5*c = 2*h - 26. What is the hundreds digit of (c/8)/(3/(-1137 - 3))?
2
Let m(g) = g + 23. Let d be m(-20). Suppose d*f = 109 + 41. What is the units digit of f?
0
Suppose -2*t - 14 + 10 = 0. Let c(l) = -41*l**3 + l**2 - l - 1. Let q be c(-1). Let v = q + t. What is the tens digit of v?
4
Let c(k) = k**3 - 5*k**2 + 6*k. Let i be c(4). What is the tens digit of 2/(i/(-44))*-11 + -2?
1
Suppose -5*g = 0, 5*u = -g - 0*g - 55. Let s = u - -93. Suppose -2*r = 3*w - 51, -5*w + s = -4*r - 25. What is the units digit of w?
9
Let h be -3 + -2*(-14)/(-4). Let o = h + 14. Suppose 0*j - j - 18 = -4*r, 24 = 4*r - o*j. What is the units digit of r?
4
Let t = -579 - -3037. What is the hundreds digit of t?
4
Let u = -594 + 887. Suppose -275 = -8*x + u. What is the units digit of x?
1
Let u be ((-291)/(-2))/(114/(-48) - -2). Let d = -175 - u. What is the units digit of d?
3
Let p = 9 - 6. Suppose 3*b + p*y = -9, y = b - 0*b + 13. Let j = b + 9. What is the units digit of j?
1
Let k(x) = 7*x**2 + x - 237. What is the tens digit of k(-17)?
6
Wha